2*o**2 - 26*o + 20. What is the tens digit of g(c)?
5
Let z(d) = -1. Let u(r) = r - 1. Let f(l) = -3*u(l) - z(l). Let s(m) = -4*m + 5. Let w(g) = 6*f(g) - 5*s(g). What is the units digit of w(9)?
7
Suppose 2*b = 3*s + 998, 0 = -b + 10*s - 5*s + 506. What is the tens digit of b?
9
Let f(d) = -6*d. Let y be f(1). Let l = -6 - y. Let o(g) = -g**3 - g + 14. What is the units digit of o(l)?
4
Suppose 644 = 3*v - 1171. Suppose -5*t = -2*w - v, -2*t + 575 = 3*t + 4*w. What is the units digit of t?
9
Let i = 482 - 245. Let s = i - 152. What is the units digit of s?
5
Let k(g) = 22*g + 104. What is the tens digit of k(22)?
8
Let g(t) = 183*t - 344. What is the thousands digit of g(11)?
1
Let m be (-41 - 1)/(16/(-56)). Suppose 4*r - m = -i, -2*r = 4*i + 28 - 84. What is the units digit of r*(3 - (3 - 1))?
8
Suppose -h - 5*s = -440, 39*h - 422 = 38*h + 4*s. What is the tens digit of h?
3
Let p(t) = -t**3 - t**2 + 21. Let j be p(0). Let f = j - 18. Suppose 3*m = 5*k + 25, 4*m + 11 = 5*m - f*k. What is the units digit of m?
5
Let f(b) = b**3 + 4*b**2 + 6*b - 4. Let a(g) = -3*g**3 - 12*g**2 - 19*g + 13. Let o(s) = -2*a(s) - 7*f(s). Let t = -21 + 16. What is the tens digit of o(t)?
4
Let f = -383 - -2342. What is the tens digit of f?
5
Let p(k) = 34*k - 26. Let b(f) = -103*f + 78. Let j(d) = 3*b(d) + 8*p(d). What is the tens digit of j(-4)?
7
Let n(x) = -x**3 - 4*x**2 + 4*x + 9. Let k be n(-6). Suppose -136 + k = j. Let s = j - -111. What is the units digit of s?
2
Let m(t) = -t**2 + 11*t - 10. Let r = -6 + 11. Suppose -3*j + 6*s + 47 = s, -4*j + r*s + 56 = 0. What is the units digit of m(j)?
8
What is the tens digit of 2 - (-2556)/(-3 - -9)?
2
Let d(s) = -s**3 - 4*s**2 + 14. Let z be d(-7). Suppose 617 = 6*m + z. What is the units digit of m?
6
Suppose 0*n - n = 20. Suppose -3 = 5*s + 12, 0 = 3*x + 2*s - 3. Let d = x - n. What is the tens digit of d?
2
Suppose -37*v + 2 = -36*v. Suppose 0 = 5*u + 25, -v*g = -2*u + 6*u - 112. What is the units digit of g?
6
Suppose -25*n + 14883 = 16*n. What is the tens digit of n?
6
Let f be -544 + (-12)/(-9) + 4/6. Let c = -337 - f. What is the units digit of c?
5
Let x(b) = -b**2 - 20*b + 48. Let k be x(-22). Suppose -5*q + 865 = 5*l, -2*q = k*l - 480 + 124. What is the units digit of q?
8
Suppose 5*v = 2*w + 8529, -3*v - 2*v + 5*w = -8535. What is the hundreds digit of v?
7
Let b = 22 + -15. Let r(u) be the first derivative of 2*u**2 - 5*u + 1. What is the units digit of r(b)?
3
Let c = 6803 - 3958. What is the units digit of c?
5
Let d = 31 - 32. What is the tens digit of d/(-4) + 999/36?
2
Suppose -16*s + 15*s = -60. Let a be (-45)/s - (-38)/8. Suppose -a*c + 192 = -c. What is the tens digit of c?
6
Let v = -89 + 171. What is the units digit of v?
2
Suppose 2*g - 4 = -2*g. Suppose -g = -3*k + 4*k. Let m(u) = -26*u**3 - 2*u - 1. What is the tens digit of m(k)?
2
Let l = 25 + -23. Suppose -8*n + l*n = -378. What is the tens digit of n?
6
Let z = 45 + -28. Let n = z - 12. Suppose n*g - 97 = 73. What is the units digit of g?
4
Let h = -38 - -58. Suppose -33 - 27 = -y + 3*u, -h = 5*u. What is the units digit of y?
8
Let l = -43 - -46. Suppose -2*p - 20 = -l*p. What is the tens digit of p?
2
Suppose -9*h + 65 = -14*h. Let q = h - -18. Suppose -4 + 39 = q*d. What is the units digit of d?
7
Let v be 4 + 16/4 + -4. Suppose v*w - 7*w = -102. Suppose w = 7*p + 6. What is the units digit of p?
4
Suppose -3*k - 1061 = 38*w - 40*w, 5*w + 3*k = 2705. What is the units digit of w?
8
What is the hundreds digit of (3*5/(-30))/((-2)/1824)?
4
Let s(n) = 2*n**2 + 9*n - 5. Let b(f) = 3*f**2 + 8*f - 5. Let d(x) = -3*b(x) + 4*s(x). Let o be d(10). What is the tens digit of 8/10*1*o?
1
Let s(a) = 6*a + 723. What is the units digit of s(-9)?
9
What is the tens digit of (-3)/((10/30)/(1065/(-9)))?
6
Let a = -908 - -1130. What is the units digit of a?
2
Let u = 551 - -113. What is the tens digit of u?
6
Let k(z) = -3*z + 5. Let c be k(6). Let n = c - -28. Suppose -y = -0*y - n. What is the tens digit of y?
1
What is the units digit of (-562)/(14/(-21)*3)?
1
Suppose -7*i = -5*i - 3*i. Suppose -3*t + m + 313 = 0, i*m = 3*m + 3. What is the units digit of t?
4
Suppose 0 = 6*u - 3*u. Suppose 4*s + 0*s = u. What is the units digit of ((-8)/(-2))/1 + s?
4
Let b = -98 - -75. Let n(v) = -v - 17. What is the units digit of n(b)?
6
Suppose -4*x = 5*o - 115, x + 31 = 2*x + 2*o. Suppose -319 = -4*i + j - x, 3*i - 4*j = 227. What is the units digit of i?
3
Let d be (-7)/(-2) - 2/(-4). Let w be 6 - (d + -2)/(-2). What is the tens digit of (1*38)/(7/w)?
3
Suppose -146 = -f + 8. What is the hundreds digit of f?
1
Suppose -10 = r - 2*r - 2*z, 14 = 5*r - 2*z. Let o(x) = -3*x**3 - x**2 + 0*x**2 - 2 + r*x**3 - x**2. What is the units digit of o(3)?
7
Let b(m) = -m**3 + 11*m**2 - m - 2. Let u be b(11). Suppose 2*i + 42 = -0*i. Let s = u - i. What is the units digit of s?
8
Let w(y) = 5*y**2 - 2*y - 2. Suppose 10*j - 2 = 9*j. Suppose -3*b - 4*h = 7, 6*h = -2*b + j*h - 6. What is the units digit of w(b)?
5
Suppose 2*f + 1440 = 6*f + 4*v, 3*f = v + 1072. Let s = f - 207. What is the hundreds digit of s?
1
Let j = 308 + -273. What is the units digit of j?
5
Let t = 84 - 56. What is the units digit of t/((-4)/(-2) + -1)?
8
Let z be (-476 - -2)*(-6 + (-100)/(-15)). Let w = z + 496. What is the hundreds digit of w?
1
Let f(k) = k**3 - 20*k**2 + 4*k + 22. Let j(a) = a**3 - 5*a**2 - 11*a - 1. Let n be j(7). What is the tens digit of f(n)?
0
Suppose 0 = -5*n - 69 + 24. Let a(y) = -y**3 - 10*y**2 - 11*y + 7. Let g be a(n). What is the units digit of (-3)/(-2 + 5) + g?
4
Suppose -3*j - j + 56 = 0. Let d = -1 + j. What is the units digit of d?
3
Let c(s) = 5*s - 2. Let a be c(1). Suppose a*k - k = 186. What is the tens digit of k?
9
Suppose 4*m = -s + 3, -5*s + 4 = 3*m - 11. Suppose m*k = 3*k - 195. What is the tens digit of k?
6
Suppose -36*f = 3*y - 31*f - 1461, 0 = -5*y - 4*f + 2422. What is the hundreds digit of y?
4
Let n = 7021 - 4190. What is the tens digit of n?
3
Let w(b) = b**3 + b + 2039. What is the hundreds digit of w(0)?
0
Let h(j) = 122*j**2 + 17*j - 5. What is the thousands digit of h(-4)?
1
Suppose -3*n + 2013 + 754 = 4*s, -3*n - s = -2764. What is the tens digit of n?
2
Suppose -b - 3*v + 19 = 0, -4*b = -4*v - 52 - 8. Let z(r) = r**2 - 14*r - 3. What is the tens digit of z(b)?
2
What is the tens digit of (15 - 9) + (0 - (-125 + 2))?
2
Let w be ((-18)/(-24))/((-29)/8 - -4). Let g(y) = -6*y**2 - y - 1. Let s be g(-1). What is the units digit of (-544)/(-51) - w/s?
1
Let r(m) be the second derivative of 211*m**3/6 - m**2/2 + 29*m. What is the units digit of r(1)?
0
Let c(a) be the third derivative of -a**6/120 - a**5/12 - a**4/12 - a**3/2 - 5*a**2. Let j be c(-5). What is the units digit of j/((-3)/(-12)*2)?
4
Suppose 1 = 2*a - 5. Suppose a*b - 25 - 74 = 0. What is the tens digit of b?
3
Let j be (14/(-6))/((-2)/(-48)). Let q be j/10 + 2/(-5). Let b(o) = o**2 + 3*o - 3. What is the units digit of b(q)?
5
Let u be (2 + 0 + -1)/1. Let i be u + 0 - (-6 + -3). Suppose 5*k - 15 = -3*d + i, -3*d + k + 49 = 0. What is the units digit of d?
5
What is the thousands digit of (-37878)/(-26) + (56/52)/7?
1
Let z = 425 + 720. What is the units digit of z?
5
Let n = -1058 - -1326. What is the tens digit of n?
6
Suppose -7*f + 21 = -0*f. Suppose -f*w = 5*s - 100, -w - 3*s + s = -32. What is the tens digit of w?
4
Let m be 0/(0 + -1 - -2). Suppose m = -4*b - 4, 3*b + 58 = 5*a. Suppose -o - 2*z + a = 3*z, 0 = -2*o - 3*z + 29. What is the tens digit of o?
1
Let s(x) = x**3 - 15*x**2 - 3*x - 15. Let g be s(15). Let r = g + 125. Suppose r = -0*i + 5*i. What is the tens digit of i?
1
Suppose -5*n + 704 = -266. Suppose -n = -7*w + 296. What is the tens digit of w?
7
Suppose 4 = l, -2*k + l = -k + 9. What is the tens digit of -3 - k/((-20)/(-352))?
8
Suppose 11*n + 408 = 13*n. What is the hundreds digit of n?
2
Suppose 17*l = 11*l + 15528. Suppose 15*n - l - 1072 = 0. What is the hundreds digit of n?
2
Let y = -5 + 2. Let k(z) = -z**3 - 2*z**2 + 2*z + 2. Let n be k(y). Let w = n + 7. What is the tens digit of w?
1
Suppose 3*w = 2*g + 1334, 3*w - 4*g - 1145 - 191 = 0. Let v = w + -303. What is the tens digit of v?
4
Let o(a) = a**2 - 18*a + 121. Let x be o(16). Let j = 88 + -24. Let 